y**2 + 51*y - 2039. Give j(-87).
1093
Let h(r) = 11*r**3 - 119*r**2 - 18*r + 101. Give h(-1).
-11
Let s(t) = 3*t**2 + 190*t + 142. Determine s(-55).
-1233
Let l(k) = 32290*k + 516561. What is l(-16)?
-79
Let d(z) = -z**3 - 293*z**2 + 282*z - 3580. Calculate d(-294).
-52
Let q(p) = -2*p**3 - 263*p**2 - 567*p + 10065. Calculate q(-129).
3
Let w(s) = 466*s - 404021. Determine w(867).
1
Let u(t) = -136*t + 2502. Determine u(21).
-354
Let q(i) = -3*i**3 - 51*i**2 - 60*i - 420. Give q(-17).
600
Let a(i) = -i**3 - 64*i**2 - 329*i + 11390. What is a(-54)?
-4
Let h(q) = -q**3 - 15*q**2 + 10*q + 66. Determine h(-17).
474
Let g(x) = -300*x - 789. Determine g(-5).
711
Let z(x) = -x**2 + 358*x - 30126. What is z(150)?
1074
Let h(k) = -8*k**2 - 545*k - 1224. Give h(-66).
-102
Let l(v) = -73040*v + 9056955. Calculate l(124).
-5
Let s(q) = -5*q**2 - 2201*q + 92922. Calculate s(-479).
-4
Let o(w) = -729*w**2 - 3426*w + 6. Determine o(-5).
-1089
Let z(t) = 3973*t - 1056945. Determine z(266).
-127
Let b(w) = -684*w**2 - 3259*w + 56. Give b(-5).
-749
Let t(p) = -6730*p + 222083. What is t(33)?
-7
Let x(a) = -18*a**2 + 25*a - 65. Give x(7).
-772
Let i(b) = -73357*b - 587126. What is i(-8)?
-270
Let n(z) = 976*z + 564093. What is n(-578)?
-35
Let v(m) = -m**2 + 1880*m - 18780. Calculate v(10).
-80
Let i(f) = -153*f**2 - 708*f + 306. What is i(-6)?
-954
Let z(r) = -2*r**2 + 18*r + 620. What is z(-17)?
-264
Let c(r) = 6*r**3 + 29*r**2 - 376*r - 1594. Determine c(-4).
-10
Let x(h) = 5*h**2 - 300*h + 4181. Calculate x(38).
1
Let z(c) = -6*c**2 + 1093*c - 46011. Calculate z(66).
-9
Let a(s) = 29995*s - 270058. Give a(9).
-103
Let k(z) = -28818*z + 288205. Determine k(10).
25
Let o(i) = -822*i - 27446. Determine o(-34).
502
Let o(r) = 21*r**3 - 1653*r**2 - 491*r + 904. Determine o(79).
-439
Let d(y) = -1680*y - 164632. Calculate d(-98).
8
Let p(l) = l**2 - 700*l + 73170. Give p(572).
-46
Let m(z) = -2*z**3 - 111*z**2 - 1427*z - 271. Determine m(-17).
1735
Let x(o) = -248*o + 4756. Calculate x(19).
44
Let o(m) = m**3 + 207*m**2 - 19392*m - 616. What is o(-277)?
-62
Let q(y) = -y**3 + 52*y**2 - 395*y - 606. Give q(11).
10
Let q(z) = -232*z**2 + 7832*z - 60010. Give q(22).
6
Let i(z) = 182*z + 4736. Determine i(-25).
186
Let o(c) = 676*c - 74353. Determine o(110).
7
Let x(l) = -6013*l - 204446. What is x(-34)?
-4
Let w(o) = -44*o**2 + 9330*o - 368. Give w(212).
56
Let j(h) = -2782*h + 156603. Give j(56).
811
Let d(t) = -1149*t + 3435. Determine d(4).
-1161
Let f(l) = -203555*l + 13841731. Give f(68).
-9
Let b(p) = -280*p**2 - 200762*p - 1431. Give b(-717).
3
Let p(n) = 408953*n - 1226891. Determine p(3).
-32
Let v(t) = -10891*t**2 + 152453*t + 288. Calculate v(14).
-6
Let j(d) = -6*d**3 + 59*d**2 - 288*d + 2977. What is j(10)?
-3
Let z(a) = -4*a**2 + 416*a - 10715. Give z(57).
1
Let h(g) = 29898*g - 209279. Give h(7).
7
Let v(w) = w**2 - 473*w + 4844. Give v(0).
4844
Let n(d) = 5205*d - 21831. Determine n(4).
-1011
Let x(s) = -s**2 - 3098*s + 90632. Calculate x(29).
-51
Let o(n) = -452713*n + 1810847. Determine o(4).
-5
Let o(s) = 2*s**2 - 1034*s + 11132. Give o(11).
0
Let v(f) = -4*f**2 + 4987*f + 29945. Determine v(-6).
-121
Let m(k) = -353014*k - 1059031. What is m(-3)?
11
Let x(v) = -8*v**2 - 281*v - 84. Calculate x(-36).
-336
Let f(n) = -2929*n - 13757. Determine f(-5).
888
Let f(p) = 1777*p - 8563. Give f(5).
322
Let l(p) = -26704*p - 9506644. What is l(-356)?
-20
Let g(w) = 7231*w**2 + 325388*w - 318. Give g(-45).
-3
Let a(s) = -37*s**2 + 24127*s - 2296. What is a(652)?
-340
Let w(q) = q**2 - 4935*q - 467904. Give w(-93).
-300
Let l(b) = -10*b**3 + 2441*b**2 + 2204*b + 382. Calculate l(245).
137
Let m(b) = b**3 - 283*b**2 + 102*b - 29216. Calculate m(283).
-350
Let b(v) = 2*v**2 + 129*v + 4171. Give b(-46).
2469
Let s(f) = -24517*f - 98085. Calculate s(-4).
-17
Let y(i) = i**3 - 8*i**2 + 395*i - 3180. Calculate y(8).
-20
Let v(t) = -299559*t + 7189408. What is v(24)?
-8
Let l(x) = -12*x**3 - 2524*x**2 - 834*x + 1274. Give l(-210).
14
Let n(l) = 264*l - 10666. What is n(40)?
-106
Let i(d) = -d**3 + 77*d - 19. Calculate i(6).
227
Let j(h) = -4*h**2 + 13702*h - 313034. Give j(23).
-4
Let r(k) = -8259*k - 346877. Determine r(-42).
1
Let m(j) = 12*j**3 + 31*j**2 - 990*j + 951. Determine m(1).
4
Let i(r) = -8*r**3 - 13*r**2 + 99*r - 2. What is i(5)?
-832
Let j(t) = -t**3 + 39*t**2 - 328*t. Determine j(13).
130
Let w(t) = -93*t**2 - 23516*t + 3284. Determine w(-253).
-5
Let w(i) = -18990*i + 4272750. Calculate w(225).
0
Let g(o) = 25556*o - 2708928. Determine g(106).
8
Let c(k) = -250*k**2 - 4492*k + 138. What is c(-18)?
-6
Let x(h) = -3*h**2 + 152*h - 129. Calculate x(29).
1756
Let g(y) = y**3 + 9*y**2 - 12444*y - 62282. Determine g(-5).
38
Let v(b) = 243*b - 11669. Determine v(48).
-5
Let t(a) = -468*a - 3829. Determine t(-9).
383
Let a(n) = -n**2 + 3974*n + 357423. Determine a(-88).
-33
Let q(f) = -7447*f + 96814. Give q(13).
3
Let v(n) = -n**3 - 18*n**2 - 554*n - 4265. Calculate v(-9).
-8
Let g(r) = r**3 + 11*r**2 + 52*r - 283. What is g(3)?
-1
Let x(y) = y**3 + 12*y**2 - 118*y - 2238. Give x(-19).
-2523
Let q(g) = 119108*g - 74. Calculate q(0).
-74
Let f(d) = -d**3 - 25*d**2 - 29*d + 594. Give f(-23).
203
Let a(g) = -815*g**3 - 4*g**2 + 2*g + 5. Determine a(1).
-812
Let h(s) = -8*s + 1403. What is h(-14)?
1515
Let b(k) = -2*k**3 - 43*k**2 + 95*k + 1625. What is b(-22)?
19
Let n(p) = 5920*p + 86. Give n(0).
86
Let t(i) = i**3 - 128*i**2 - 266*i + 784. Calculate t(130).
4
Let y(m) = m**2 + 39658*m + 10. Give y(0).
10
Let b(f) = 482*f**2 - 37*f + 60. Give b(2).
1914
Let v(f) = 33*f**2 + 984*f - 3476. What is v(-33)?
-11
Let s(z) = -49*z + 1104. What is s(23)?
-23
Let i(p) = 2*p**3 + 24*p**2 - 2*p - 110. What is i(0)?
-110
Let f(v) = -v**3 - 35*v**2 - 346*v - 964. Give f(-10).
-4
Let u(c) = -154*c + 38964. Determine u(254).
-152
Let o(d) = -30*d**2 - 30713*d - 54162. Determine o(-1022).
4
Let t(p) = 76578*p - 382867. What is t(5)?
23
Let t(j) = 1327246*j - 10617987. Determine t(8).
-19
Let n(c) = -718*c - 30912. What is n(-43)?
-38
Let f(l) = l**3 - 77*l - 381. Calculate f(-7).
-185
Let n(y) = 289*y - 40157. Give n(139).
14
Let f(j) = 6*j**3 - 14*j**2 + 39*j - 17. Determine f(3).
136
Let c(x) = -3*x**2 - 621*x + 16934. Calculate c(26).
-1240
Let b(r) = -191*r**2 + 3435*r + 66. Give b(18).
12
Let w(g) = g**3 + 8*g**2 + 617*g + 438. What is w(0)?
438
Let h(i) = 4*i**2 - 687*i - 57096. Calculate h(233).
-11
Let u(t) = t**2 - 555881*t - 8338421. Give u(-15).
19
Let u(b) = b**3 + 55*b**2 + 181*b + 1255. Determine u(-52).
-45
Let x(s) = -s**3 + 13*s**2 - 136*s + 615. Determine x(14).
-1485
Let f(i) = -2635*i - 67. Determine f(0).
-67
Let n(h) = -10*h**2 + 202*h - 1264. Give n(7).
-340
Let c(q) = q**3 + 232*q**2 - 7530*q + 10516. What is c(-261)?
337
Let w(t) = -8*t**2 + 326*t + 15360. What is w(-28)?
-40
Let o(t) = -3*t**3 - 27*t**2 - 20*t + 262. Determine o(-6).
58
Let u(q) = 11951*q + 214979. What is u(-18)?
-139
Let k(g) = g**3 + 22*g**2 - 1797*g - 558. Calculate k(33).
36
Let u(o) = -2*o**3 - 174*o**2 + 298*o + 10675. Determine u(-88).
-61
Let l(x) = -33*x - 256. Give l(31).
-1279
Let i(k) = 1611*k + 4947. Calculate i(-3).
114
Let b(v) = 70*v**2 - 3035*v + 32644. Give b(20).
-56
Let a(t) = -t**3 - 511*t**2 + 7367*t - 17881. Determine a(11).
-6
Let m(r) = 2*r**3 + 130*r**2 + 2011*r + 47. Calculate m(-40).
-393
Let j(m) = 1830*m**2 + 172019*m - 94. Determine j(-94).
0
Let p(t) = 4581*t + 119009. Determine p(-26).
-97
Let c(h) = -h**3 - 152*h**2 - 2177*h - 159. What is c(-136)?
-23
Let y(m) = 4*m**2 + 1746*m - 16917. Determine y(-446).
31
Let f(h) = -h**3 - 61*h**2 + 616*h - 18. Calculate f(10).
-958
Let d(y) = y**2 + 2415*y - 33999. Give d(14).
7
Let r(v) = -v**3 + 512*v**2 - 46516*v + 9450. Calculate r(394).
-6
Let c(l) = 451*l + 68447. What is c(-152)?
-105
Let y(c) = -226643*c - 453311. Give y(-2).
-25
Let r(w) = 4*w**2 - 64*w - 1320. Give r(28).
24
Let o(f) = -14*f**2 - 326*f - 1792. Determine o(-9).
8
Let i(o) = 137736*o - 964024. Calculate i(7).
128
Let k(y) = -254533*y + 1272522. Calculate k(5).
-143
Let x(w) = 2*w**2 + 192*w - 259314. Determine x(315).
-384
Let c(h) = -4102*h - 299357. Calculate c(-73).
89
Let t(s) = -25*s**3 + 26*s**2 + 17*s - 8. Determine t(-1).